e?
True
Is 27649421 composite?
False
Is 20613389 prime?
False
Is 208675211 a composite number?
True
Is 320171 composite?
True
Is 1805633 prime?
True
Is 5815129 composite?
True
Is 2465123 prime?
True
Is 449089859 a prime number?
True
Is 4625609 a prime number?
True
Is 3823531 composite?
True
Is 10660279 prime?
False
Is 26506421 composite?
False
Is 3598079 composite?
True
Is 38527441 prime?
False
Is 7286681 composite?
False
Is 628921 prime?
True
Is 72164811 composite?
True
Is 11577149 composite?
False
Is 41275001 composite?
False
Is 503927497 composite?
False
Is 3081451 a composite number?
True
Is 15548773 a composite number?
False
Is 10219 a prime number?
False
Is 16228943 a composite number?
True
Is 224563 prime?
True
Is 371465194 a prime number?
False
Is 47211319 a prime number?
False
Is 788201 composite?
True
Is 932689 a prime number?
False
Is 4102663 a prime number?
True
Is 375576977 composite?
False
Is 15893659 a prime number?
True
Is 40626101 composite?
False
Is 31040489 prime?
True
Is 25103551 composite?
True
Is 400214429 composite?
False
Is 66497341 a prime number?
True
Is 8262421 composite?
True
Is 7374883 prime?
True
Is 5447459 composite?
False
Is 735557 a composite number?
False
Is 109855141 a composite number?
True
Is 1668049 a prime number?
False
Is 30036157 prime?
True
Is 9976913 composite?
False
Is 80313739 a prime number?
False
Is 4551307 a composite number?
False
Is 4919903 a composite number?
False
Is 2580313 prime?
True
Is 925907 a composite number?
True
Is 920561 prime?
True
Is 120181903 prime?
True
Is 23339737 a composite number?
True
Is 17951819 a composite number?
True
Is 2859871 a composite number?
True
Is 12483061 a composite number?
False
Is 45608369 prime?
True
Is 7840357 a prime number?
False
Is 18560407 prime?
False
Is 805435 a composite number?
True
Is 5252549 prime?
True
Is 158682019 prime?
False
Is 8116421 prime?
True
Is 62452831 prime?
False
Is 6437189 a composite number?
True
Is 59965177 prime?
False
Is 23953067 prime?
True
Is 4449227 prime?
True
Is 399287221 a composite number?
True
Is 32313667 a composite number?
False
Is 3433613 a prime number?
True
Is 58432729 a composite number?
True
Is 32463771 prime?
False
Is 698701 a composite number?
False
Is 40033187 prime?
True
Is 64058591 prime?
True
Is 3695297 a composite number?
False
Is 153074543 composite?
False
Is 558325057 a composite number?
True
Is 2022289 a prime number?
True
Is 437663063 composite?
True
Is 90901661 a prime number?
True
Is 5999443 a prime number?
False
Is 2642797 a composite number?
False
Is 7889017 composite?
False
Is 3472123 a prime number?
False
Is 3722377 a prime number?
False
Is 16990151 a composite number?
False
Is 1377169 prime?
True
Is 63726133 a composite number?
True
Is 62327717 prime?
True
Is 17952887 prime?
False
Is 26725129 prime?
True
Is 26539145 a composite number?
True
Is 2671503 a composite number?
True
Is 364668233 composite?
True
Is 68733941 a composite number?
True
Is 9372557 a composite number?
False
Is 3481273 composite?
False
Is 136732009 composite?
True
Is 7069187 a composite number?
False
Is 3709939 a composite number?
False
Is 5403247 a prime number?
True
Is 1075603 a prime number?
False
Is 196993337 prime?
True
Is 10284559 composite?
False
Is 442035073 composite?
False
Is 6907323 composite?
True
Is 1770262601 a prime number?
True
Is 8438281 a composite number?
False
Is 1990481 composite?
False
Is 441131291 composite?
False
Is 204965801 composite?
False
Is 6323601 a composite number?
True
Is 38800519 composite?
False
Is 63142081 a composite number?
False
Is 83944943 a composite number?
False
Is 130805017 a prime number?
False
Is 435900359 prime?
False
Is 551398151 prime?
False
Is 712276229 composite?
True
Is 366755113 a prime number?
True
Is 672983 a composite number?
False
Is 174315131 composite?
False
Is 1137869 prime?
True
Is 2497849 prime?
True
Is 331127 a prime number?
True
Is 72564827 a composite number?
True
Is 407634805 a composite number?
True
Is 48154937 prime?
False
Is 71924333 prime?
False
Is 218846 composite?
True
Is 17110039 composite?
False
Is 15259157 a prime number?
True
Is 940349 a composite number?
False
Is 169521571 composite?
False
Is 33543971 a composite number?
False
Is 22692797 composite?
True
Is 6970159 composite?
True
Is 25057511 a prime number?
False
Is 2151643151 composite?
True
Is 8471201 a prime number?
True
Is 421463 prime?
False
Is 68444083 composite?
False
Is 13557473 a composite number?
False
Is 461238247 prime?
True
Is 3909209 composite?
False
Is 489983 a prime number?
False
Is 182625407 composite?
True
Is 615899 composite?
True
Is 267359429 composite?
True
Is 60153421 a composite number?
True
Is 14162285 prime?
False
Is 75867521 prime?
True
Is 2829931 a prime number?
False
Is 264263 a composite number?
False
Is 514913677 a composite number?
False
Is 52766081 composite?
False
Is 3048559 a composite number?
True
Is 411881 composite?
True
Is 53560621 prime?
True
Is 19378739 a prime number?
True
Is 351529 composite?
False
Is 102854023 a composite number?
True
Is 11029439 composite?
True
Is 9656753 prime?
True
Is 15006991 a prime number?
True
Is 1559473 a composite number?
False
Is 1705051 prime?
True
Is 810737 a prime number?
True
Is 112417274 prime?
False
Is 1916099 composite?
False
Is 78313817 composite?
False
Is 9984011 a prime number?
True
Is 613352381 a composite number?
False
Is 113669147 composite?
False
Is 156409181 composite?
False
Is 76343017 a composite number?
True
Is 5035607 a prime number?
False
Is 8939901 prime?
False
Is 1430845391 composite?
False
Is 65603537 a prime number?
True
Is 354953 a composite number?
False
Is 722929 a composite number?
True
Is 178437821 a prime number?
True
Is 118333571 a prime number?
False
Is 23063491 composite?
True
Is 43429903 prime?
False
Is 3511285 prime?
False
Is 16161263 composite?
False
Is 50380339 prime?
True
Is 181573453 composite?
True
Is 76938793 a composite number?
False
Is 51002041 a composite number?
False
Is 29359487 a prime number?
True
Is 6455153 composite?
False
Is 325325021 composite?
True
Is 13846757 a composite number?
True
Is 448689377 a composite number?
False
Is 166815809 a composite number?
False
Is 5781223 a prime number?
False
Is 36286499 a composite number?
False
Is 278284597 composite?
False
Is 4626859 a composite number?
False
Is 16624661 a composite number?
False
Is 3491849599 a composite number?
True
Is 15524871 prime?
False
Is 1369497 prime?
False
Is 51313553 a composite number?
False
Is 12916655 a composite number?
True
Is 2081227 prime?
False
Is 14523317 composite?
False
Is 47794273 prime?
True
Is 480287 a prime number?
True
Is 23017433 prime?
True
Is 679494685 composite?
True
Is 3594707 a composite number?
False
Is 136159 a composite number?
True
Is 15857707 a prime number?
False
Is 289213 a prime number?
True
Is 105598951 composite?
True
Is 874001 composite?
False
Is 24964883 a prime number?
False
Is 15832217 composite?
False
Is 3912359 prime?
False
Is 415453 a prime number?
False
Is 2739493 a prime number?
False
Is 380680689 a composite number?
True
Is 2043035 a prime number?
False
Is 226276117 a composite number?
False
Is 8720963 composite?
True
Is 223567307 composite?
False
Is 51193 a prime number?
True
Is 850319 a prime number?
False
Is 1617551 prime?
False
Is 236317 a prime number?
False
Is 5874829 prime?
True
Is 110308103 a composite number?
False
Is 50828405 prime?
False
Is 118356389 composite?
False
Is 1501631 a prime number?
False
Is 159991763 a prime number?
False
Is 119881159 a prime number?
True
Is 304699742 composite?
True
Is 4489943 composite?
False
Is 431159221 composite?
False
Is 7287433 a prime number?
True
Is 396935887 a composite number?
False
Is 15319033 prime?
False
Is 585118797 a composite number?
True
Is 349903 prime?
True
Is 140672489 a prime number?
False
Is 616991 a prime number?
True
Is 10023973 composite?
True
Is 9030401 a composite number?
False
Is 109385083 prime?
False
Is 187842349 a prime number?
True
Is 67494311 prime?
False
Is 5142751 prime?
True
Is 21922037 a composite number?
False
Is 1028777 prime?
True
Is 255891 composite?
True
Is 1598041 a composite number?
True
Is 7353523 composite?
True
Is 1186931 composite?
False
Is 76185397 composite?
False
Is 89830717 a pr